{"id":2,"date":"2021-03-05T15:47:27","date_gmt":"2021-03-05T15:47:27","guid":{"rendered":"http:\/\/reggioblog.it\/?page_id=2"},"modified":"2021-03-12T14:16:17","modified_gmt":"2021-03-12T14:16:17","slug":"sample-page","status":"publish","type":"page","link":"https:\/\/reggioblog.it\/index.php\/sample-page\/","title":{"rendered":"Missione"},"content":{"rendered":"\n<p><em>Reggio Blog \u00e8 Blog multitematico,&nbsp; ideato, realizzato e supportato da SCRWEB.<\/em><\/p>\n\n\n\n<p><em>Il blog \u00e8 riservato a gente libera che non ama essere inquadrata e che non si uniformizza al mondo della comunicazione ipocrita e falsa di una certa parte politica. Si propone di dare voce a tutti coloro che lo desiderano, rispettando le norme generali di netiquette.<\/em><\/p>\n\n\n\n<p><em>Il blog ha per sua natura una struttura che gli consente di interagire con i maggiori social network. In questo modo ogni singolo Blogger trova nella collaborazione con gli altri Blogger una cassa di risonanza che aumenta la visibilit\u00e0 dell&#8217;articolo pubblicato.<\/em><\/p>\n\n\n\n<p><em>La particolare disposizione tecnica del Blog consente di creare al suo interno un archivio facilmente consultabile che suddivide gli articoli per categoria e per parole chiave. In questo modo chiunque navighi all&#8217;interno del Blog pu\u00f2 condividere anche a distanza di tempo articoli che come spesso accade ritornano di attualit\u00e0.<\/em><\/p>\n\n\n\n<p><em>Il blog ha una home page che mette in evidenza con una rotazione gli ultimi articoli pubblicati. Inoltre grazie alla Newsletter del Blog alcune migliaia di utenti saranno raggiunti ed avvisati degli ultimi post pubblicati.<\/em><\/p>\n\n\n\n<p><em>&nbsp;&nbsp; Diventarte Blogger \u00e8 molto facile, basta inviarne richiesta ed inviare il primo post.<\/em><\/p>\n\n\n\n<p><em>I blogger si dividono in tre livelli:<\/em><\/p>\n\n\n\n<ul class=\"wp-block-list\"><li><em><strong>Blogger Occasionali<\/strong>, inviano i loro post tramite e-mail.<\/em><\/li><li><em><strong>Blogger Ordinari<\/strong>, inviano i loro post accedendo ad un form dove gli articoli verranno pubblicati in attesa di approvazione.<\/em><\/li><li><em><strong>Blogger Certficati<\/strong>, inviano i loro post accedendo ad un form dove gli articoli verranno pubblicati direttamente senza i controlli tecnici e di netiquette.<\/em><\/li><\/ul>\n\n\n\n<p><em>La responsabilit\u00e0 civili e penali in merito ai contenuti degli articoli pubblicati, \u00e8 sempre esclusivamente di chi firma l&#8217;articolo. In nessun modo Reggio Blog sar\u00e0 responsabile di eventuali danni arrecati.<\/em><\/p>\n\n\n\n<p><em>E&#8217; possibile pubblicare sul blog in forma anonima avvalendosi di uno pseudonimo, fermo restando la responsabilit\u00e0 personale sui contenuti pubblicati.<\/em><\/p>\n","protected":false},"excerpt":{"rendered":"<p>Reggio Blog \u00e8 Blog multitematico,&nbsp; ideato, realizzato e supportato da SCRWEB. Il blog \u00e8 riservato a gente libera che non ama essere inquadrata e che non si uniformizza al mondo della comunicazione ipocrita e falsa di una certa parte politica. Si propone di dare voce a tutti coloro che lo desiderano, rispettando le norme generali [&hellip;]<\/p>\n","protected":false},"author":1,"featured_media":0,"parent":0,"menu_order":0,"comment_status":"closed","ping_status":"open","template":"","meta":{"footnotes":""},"class_list":["post-2","page","type-page","status-publish","hentry"],"yoast_head":"<!-- This site is optimized with the Yoast SEO plugin v27.5 - https:\/\/yoast.com\/product\/yoast-seo-wordpress\/ -->\r\n<title>Missione - Reggio Blog<\/title>\r\n<meta name=\"robots\" content=\"index, follow, max-snippet:-1, max-image-preview:large, max-video-preview:-1\" \/>\r\n<link rel=\"canonical\" href=\"https:\/\/reggioblog.it\/index.php\/sample-page\/\" \/>\r\n<meta property=\"og:locale\" content=\"it_IT\" \/>\r\n<meta property=\"og:type\" content=\"article\" \/>\r\n<meta property=\"og:title\" content=\"Missione - Reggio Blog\" \/>\r\n<meta property=\"og:description\" content=\"Reggio Blog \u00e8 Blog multitematico,&nbsp; ideato, realizzato e supportato da SCRWEB. Il blog \u00e8 riservato a gente libera che non ama essere inquadrata e che non si uniformizza al mondo della comunicazione ipocrita e falsa di una certa parte politica. Si propone di dare voce a tutti coloro che lo desiderano, rispettando le norme generali [&hellip;]\" \/>\r\n<meta property=\"og:url\" content=\"https:\/\/reggioblog.it\/index.php\/sample-page\/\" \/>\r\n<meta property=\"og:site_name\" content=\"Reggio Blog\" \/>\r\n<meta property=\"article:modified_time\" content=\"2021-03-12T14:16:17+00:00\" \/>\r\n<meta name=\"twitter:card\" content=\"summary_large_image\" \/>\r\n<meta name=\"twitter:label1\" content=\"Tempo di lettura stimato\" \/>\n\t<meta name=\"twitter:data1\" content=\"2 minuti\" \/>\r\n<script type=\"application\/ld+json\" class=\"yoast-schema-graph\">{\"@context\":\"https:\\\/\\\/schema.org\",\"@graph\":[{\"@type\":\"WebPage\",\"@id\":\"https:\\\/\\\/reggioblog.it\\\/index.php\\\/sample-page\\\/\",\"url\":\"https:\\\/\\\/reggioblog.it\\\/index.php\\\/sample-page\\\/\",\"name\":\"Missione - Reggio Blog\",\"isPartOf\":{\"@id\":\"https:\\\/\\\/reggioblog.it\\\/#website\"},\"datePublished\":\"2021-03-05T15:47:27+00:00\",\"dateModified\":\"2021-03-12T14:16:17+00:00\",\"breadcrumb\":{\"@id\":\"https:\\\/\\\/reggioblog.it\\\/index.php\\\/sample-page\\\/#breadcrumb\"},\"inLanguage\":\"it-IT\",\"potentialAction\":[{\"@type\":\"ReadAction\",\"target\":[\"https:\\\/\\\/reggioblog.it\\\/index.php\\\/sample-page\\\/\"]}]},{\"@type\":\"BreadcrumbList\",\"@id\":\"https:\\\/\\\/reggioblog.it\\\/index.php\\\/sample-page\\\/#breadcrumb\",\"itemListElement\":[{\"@type\":\"ListItem\",\"position\":1,\"name\":\"Home\",\"item\":\"https:\\\/\\\/reggioblog.it\\\/\"},{\"@type\":\"ListItem\",\"position\":2,\"name\":\"Missione\"}]},{\"@type\":\"WebSite\",\"@id\":\"https:\\\/\\\/reggioblog.it\\\/#website\",\"url\":\"https:\\\/\\\/reggioblog.it\\\/\",\"name\":\"Reggio Blog\",\"description\":\"Blog multitematico a Reggio Emilia e dintorni, uno spazio libero riservato a gente libera\",\"potentialAction\":[{\"@type\":\"SearchAction\",\"target\":{\"@type\":\"EntryPoint\",\"urlTemplate\":\"https:\\\/\\\/reggioblog.it\\\/?s={search_term_string}\"},\"query-input\":{\"@type\":\"PropertyValueSpecification\",\"valueRequired\":true,\"valueName\":\"search_term_string\"}}],\"inLanguage\":\"it-IT\"}]}<\/script>\r\n<!-- \/ Yoast SEO plugin. -->","yoast_head_json":{"title":"Missione - Reggio Blog","robots":{"index":"index","follow":"follow","max-snippet":"max-snippet:-1","max-image-preview":"max-image-preview:large","max-video-preview":"max-video-preview:-1"},"canonical":"https:\/\/reggioblog.it\/index.php\/sample-page\/","og_locale":"it_IT","og_type":"article","og_title":"Missione - Reggio Blog","og_description":"Reggio Blog \u00e8 Blog multitematico,&nbsp; ideato, realizzato e supportato da SCRWEB. Il blog \u00e8 riservato a gente libera che non ama essere inquadrata e che non si uniformizza al mondo della comunicazione ipocrita e falsa di una certa parte politica. Si propone di dare voce a tutti coloro che lo desiderano, rispettando le norme generali [&hellip;]","og_url":"https:\/\/reggioblog.it\/index.php\/sample-page\/","og_site_name":"Reggio Blog","article_modified_time":"2021-03-12T14:16:17+00:00","twitter_card":"summary_large_image","twitter_misc":{"Tempo di lettura stimato":"2 minuti"},"schema":{"@context":"https:\/\/schema.org","@graph":[{"@type":"WebPage","@id":"https:\/\/reggioblog.it\/index.php\/sample-page\/","url":"https:\/\/reggioblog.it\/index.php\/sample-page\/","name":"Missione - Reggio Blog","isPartOf":{"@id":"https:\/\/reggioblog.it\/#website"},"datePublished":"2021-03-05T15:47:27+00:00","dateModified":"2021-03-12T14:16:17+00:00","breadcrumb":{"@id":"https:\/\/reggioblog.it\/index.php\/sample-page\/#breadcrumb"},"inLanguage":"it-IT","potentialAction":[{"@type":"ReadAction","target":["https:\/\/reggioblog.it\/index.php\/sample-page\/"]}]},{"@type":"BreadcrumbList","@id":"https:\/\/reggioblog.it\/index.php\/sample-page\/#breadcrumb","itemListElement":[{"@type":"ListItem","position":1,"name":"Home","item":"https:\/\/reggioblog.it\/"},{"@type":"ListItem","position":2,"name":"Missione"}]},{"@type":"WebSite","@id":"https:\/\/reggioblog.it\/#website","url":"https:\/\/reggioblog.it\/","name":"Reggio Blog","description":"Blog multitematico a Reggio Emilia e dintorni, uno spazio libero riservato a gente libera","potentialAction":[{"@type":"SearchAction","target":{"@type":"EntryPoint","urlTemplate":"https:\/\/reggioblog.it\/?s={search_term_string}"},"query-input":{"@type":"PropertyValueSpecification","valueRequired":true,"valueName":"search_term_string"}}],"inLanguage":"it-IT"}]}},"_links":{"self":[{"href":"https:\/\/reggioblog.it\/index.php\/wp-json\/wp\/v2\/pages\/2","targetHints":{"allow":["GET"]}}],"collection":[{"href":"https:\/\/reggioblog.it\/index.php\/wp-json\/wp\/v2\/pages"}],"about":[{"href":"https:\/\/reggioblog.it\/index.php\/wp-json\/wp\/v2\/types\/page"}],"author":[{"embeddable":true,"href":"https:\/\/reggioblog.it\/index.php\/wp-json\/wp\/v2\/users\/1"}],"replies":[{"embeddable":true,"href":"https:\/\/reggioblog.it\/index.php\/wp-json\/wp\/v2\/comments?post=2"}],"version-history":[{"count":4,"href":"https:\/\/reggioblog.it\/index.php\/wp-json\/wp\/v2\/pages\/2\/revisions"}],"predecessor-version":[{"id":167,"href":"https:\/\/reggioblog.it\/index.php\/wp-json\/wp\/v2\/pages\/2\/revisions\/167"}],"wp:attachment":[{"href":"https:\/\/reggioblog.it\/index.php\/wp-json\/wp\/v2\/media?parent=2"}],"curies":[{"name":"wp","href":"https:\/\/api.w.org\/{rel}","templated":true}]}}